tors of m/(-2 - q - 2)?
3
Let m(l) = -l**2 + 5*l - 2. Let o be m(3). Suppose -w + 2 = n, 2*w + 26 = -n + o*n. List the prime factors of n.
2, 3
Let z = 4 + -3. What are the prime factors of 64/12*(7 - z)?
2
Suppose 4 = h - 21. Let t = h - 11. List the prime factors of t.
2, 7
Let q(z) = 2*z - 6. Suppose -3*j - 45 = -8*j. What are the prime factors of q(j)?
2, 3
Suppose 0 = -3*l - 38 + 227. List the prime factors of l.
3, 7
Let f(u) = u - 2. Let g be f(2). Suppose a = 8 - g. List the prime factors of a.
2
Let l = 133 - 60. List the prime factors of l.
73
Let i = -3 + 26. List the prime factors of i.
23
Suppose -3*r - 18 = -3*d, 0 = -4*d + 2*r - 7*r + 69. Let j = d - -1. List the prime factors of j.
2, 3
Suppose 4*c - 147 = 29. What are the prime factors of c?
2, 11
Suppose 183 = 7*k - 286. List the prime factors of k.
67
What are the prime factors of (-96)/3*(-6)/3?
2
Let t(r) = -2*r - 6. Let w be t(-6). Let n = w + 8. What are the prime factors of n?
2, 7
Let f be (-20 - -3) + (-4 - 0). Suppose 12 = -4*o, 2*p + 9 = 2*o + 3*o. Let w = p - f. List the prime factors of w.
3
Let j(d) be the third derivative of d**6/360 - d**5/120 + d**4/24 - d**3/3 - d**2. Let n(l) be the first derivative of j(l). List the prime factors of n(-2).
7
Let q = -5 - 28. What are the prime factors of (-324)/q + (-4)/(-22)?
2, 5
Let a(g) = -g**3 - 5*g**2 + 8*g - 3. List the prime factors of a(-7).
3, 13
Suppose -n = 4*j - 34, -2*n - j = -3*n + 19. Suppose -3*z + n = -z. What are the prime factors of z?
11
Suppose 2*r + 22 = r. Let j = r + 10. Let q = j + 29. List the prime factors of q.
17
Let m = -1 + 11. List the prime factors of m.
2, 5
What are the prime factors of 4/10 - (-1012)/20?
3, 17
Let s(v) = -v**3 + 16*v**2 + 18*v - 7. What are the prime factors of s(17)?
2, 5
Let w = 16 - 11. List the prime factors of w.
5
Suppose 450 = 4*a - a. Suppose -5*f = 4*u + u - a, -110 = -4*f + u. List the prime factors of (2/(-4))/(-1)*f.
2, 7
Let x = 5 - -3. Let n = x + 18. Let a = n + -15. List the prime factors of a.
11
Let k(d) = -5*d**3 - 13*d**2 + 6*d - 5. Let g(f) = -3*f**3 - 7*f**2 + 3*f - 2. Let z(y) = -7*g(y) + 4*k(y). List the prime factors of z(4).
2, 11
Suppose -3*y + 5*y - 4 = 0. Suppose 2*d = 5*n + 17, -4*n + 43 = d + y. List the prime factors of d.
3, 7
Suppose 3*h - 3*s = -0*h, 0 = 3*h + 4*s - 14. Suppose b = 11 + h. What are the prime factors of b?
13
Suppose 4*m - 6 = m. Suppose 0 = -v - 0*i + i + 3, -m*v = -3*i - 3. What are the prime factors of v?
2, 3
Let l(n) = n**2 + 13*n - 9. What are the prime factors of l(-14)?
5
Suppose o + 0*o + 3 = 0. Let q be (-1)/(1*o/69). Let h = -10 + q. List the prime factors of h.
13
Let u(t) be the third derivative of t**6/120 + 2*t**5/15 - 11*t**4/24 - 2*t**3 + 2*t**2. Suppose -6*f + 2*f = 36. What are the prime factors of u(f)?
2, 3
Suppose -5*r - t + 363 = 0, 0*t - 81 = -r + 4*t. Suppose -2*d - 16 = -w, r = 3*w + 3*d + 25. List the prime factors of w.
2
Suppose 0 = 3*o - 4*a + 14, 3*o - 3*a + 9 = 0. Suppose 21 = t - u, u + 27 = t - o*u. Suppose 4*c - t = 30. List the prime factors of c.
2, 3
Let h = -38 + 19. Let x = 27 + h. List the prime factors of x.
2
Let g be (-40)/(-12)*(-30)/(-4). Suppose -g = 5*n - 0. What are the prime factors of ((-2)/(-4))/(n/(-90))?
3
Suppose -9 = -3*w - g, -3 = -w - 9*g + 4*g. Suppose 0 = d + w*d - 8. What are the prime factors of d?
2
Let h = 3 + 2. Suppose m + 3 = 0, h*i + 0*m - 2*m = 196. List the prime factors of i.
2, 19
Let q(s) = -190*s**3 + s**2 - 2. List the prime factors of q(-1).
3, 7
Suppose 0 = -4*k - 4*t - 12, 0*t = -2*k - t - 4. Let w(l) = 5*l + 14. Let r(d) = -2*d - 5. Let h(j) = 17*r(j) + 6*w(j). What are the prime factors of h(k)?
3
Suppose 4*r = 3*r - 5*m + 25, 3*r - 27 = -3*m. Suppose r*q - 170 = 5*t - 0*t, 0 = -2*q - 2*t + 68. List the prime factors of q.
2, 17
What are the prime factors of -4 + 2 + -3 + 39?
2, 17
List the prime factors of 4/(-16)*-2*74.
37
Let m = 7 - 14. What are the prime factors of (m - 0)*(4 - 8)?
2, 7
Let w = 465 - 295. List the prime factors of w.
2, 5, 17
Suppose 0 = -d + k, 3*d + 0*k - k - 10 = 0. What are the prime factors of d?
5
Let u(b) = b**2 - 10*b + 8. Let d(q) = q**3 + 10*q**2 + 8*q + 12. Let n be d(-9). Suppose -4*j + 19 = -n. What are the prime factors of u(j)?
2
Suppose 0 = -2*q + 2*w + 2, -5*w - 9 = -4*q - 8. Suppose -3*s + 4 = -8. Suppose -2 = -z - f, 0*f = q*z - s*f - 24. What are the prime factors of z?
2
Suppose j = -3*k - 31, 0 = -3*k + 2*k + 4*j - 19. Suppose -5*w + 3*p = p + 16, 0 = p - 3. What are the prime factors of (w - 0)/(2/k)?
11
Suppose 0 = 5*k - 0*k. Let j(b) = -b**2 - b. Let z(p) = -5*p**2 - 7*p - 5. Let w(q) = 6*j(q) - z(q). What are the prime factors of w(k)?
5
Let p(n) = -6 + 11 + 6 + n. Let o be p(0). Suppose -3*g + 4*g = o. List the prime factors of g.
11
Suppose -256 = -5*t + 109. List the prime factors of t.
73
Suppose d - 6 = -2*d. Suppose -52 = -3*n + 4*s, -d*n + 29 = s + 2*s. Suppose 4*a + 0 - n = 0. What are the prime factors of a?
2
Suppose 10 - 2 = -2*r. What are the prime factors of (r/8)/(2/(-68))?
17
List the prime factors of 92 - 1*(-3 - -3).
2, 23
Suppose -2*f = 3*f + 135. Let c = f + 44. What are the prime factors of c?
17
Suppose -3*v + 2*i - 4 = 0, 2*v + 3*v + i = 15. List the prime factors of v.
2
Let s be (-1 + 2)/(1/9). Let k = -4 + 6. List the prime factors of k/s + 366/54.
7
Suppose 3*x = 11*x - 392. List the prime factors of x.
7
Suppose -3*d = 4*c - c + 24, -2*d + 5*c + 12 = 0. Let b = d - -13. List the prime factors of b.
3
List the prime factors of 28 - (7 + -3)/4.
3
Let a = 73 - 42. List the prime factors of a.
31
Suppose 3*m - 13 = 2*x + 68, -12 = -4*x. List the prime factors of m.
29
Let k(r) = r + 7. Let j be k(-5). Let z be -2 + (-2)/2*-5. Suppose -6 = -2*t + z*x - 7*x, -4*x - 14 = -j*t. List the prime factors of t.
5
Let p be 6/((-2)/(-4) + 0). Let b = 1 + 3. Suppose -p = -b*z + 8. What are the prime factors of z?
5
Suppose -x + 5*a = -34, -2*x = -3*a - 13 - 20. Let c = 17 - x. List the prime factors of c.
2
Let j be ((-2)/(-8))/(2/8). What are the prime factors of (j - 4)*(-2)/2?
3
Let c(t) = -5*t**3 + 3*t**2 - 4. What are the prime factors of c(-2)?
2, 3
Let a = 3 + 9. List the prime factors of a/6 + (-2)/(-2).
3
List the prime factors of -2*4/6*-33.
2, 11
Let v(s) = -s**3 + 5*s**2 - 5*s + 4. Let b be v(4). Let w = 2 + b. What are the prime factors of w?
2
Suppose 3*p = 5*u + 125, -2*u - 87 + 9 = -2*p. List the prime factors of p.
5, 7
What are the prime factors of 22/2 - (2 + 0)?
3
Suppose z - 5*s + 8 = 5*z, 4*s = z - 2. Let h be (-1 - z) + 2 - -13. Suppose -6 = -x + h. List the prime factors of x.
2, 3
Let j(u) be the second derivative of -u**5/20 - u**4/2 + 4*u**3/3 + 5*u**2 + u. What are the prime factors of j(-7)?
3
Let b(p) = p + 26. List the prime factors of b(0).
2, 13
Let p = -4 - -5. Let s(f) = f**3 + 2*f - 1. List the prime factors of s(p).
2
Suppose -4*p + 66 = -34. What are the prime factors of p?
5
Suppose 0 = -o - 2*i + 33, 5*i - 81 - 51 = -4*o. What are the prime factors of o?
3, 11
Let y(t) = -t + 5. What are the prime factors of y(-13)?
2, 3
Let k = -15 - -23. Let r(b) = b**3 - 8*b**2 + 5*b + 8. List the prime factors of r(k).
2, 3
Suppose -j + 0*j + p - 1 = 0, -23 = -5*j - 2*p. Suppose -5*t = 2*y - 5*y + 116, j*y = t + 124. List the prime factors of y.
2, 3, 7
Let a = -53 + 94. What are the prime factors of a?
41
Let u(f) = f**3 + 10*f**2 + 10*f + 11. Let j be u(-9). Let m(b) = b + 3*b + b**j - 11 + b. List the prime factors of m(-8).
13
Let s be 0*4/(2 + -10). Suppose -4*l + s*l = -24. List the prime factors of l.
2, 3
Let k = 10 + -10. Let m = 5 + k. List the prime factors of m.
5
Let q(l) = l**3 - 11*l**2 - 12*l - 6. Let a be q(12). Suppose 5*j + i + 9 = 0, 15 = -3*j - 2*i - i. Let v = j - a. What are the prime factors of v?
5
Suppose 2*l + 3*l = 230. Suppose -3*o - l = -175. List the prime factors of o.
43
Let l(w) = -w**2 - 10*w - 7. Suppose -4 = 2*d + 6. Let p be l(d). Suppose 2*u = 4*u - p. What are the prime factors of u?
3
Let r(w) = -7*w**2 - 1. Suppose -7*p + 2*p + 5 = 0. Let m be r(p). Let a = m - -11. What are the prime factors of a?
3
Let c(x) = -x**3 - 6*x**2 + 2*x - 7. Suppose -2*y = -5*q - 6, -3*y = -q + 19 - 2. Let z be c(y). Suppose z = 4*h 